0. What are the prime factors of g?
3
Suppose 0 = c - 0*c - 2. Suppose -o = n + n - 15, -c*n + 4*o = -30. What are the prime factors of n?
3
Let x = 89 - -115. List the prime factors of x.
2, 3, 17
Let j be (-350)/(-8) - 2/(-8). Let f = 30 - j. What are the prime factors of 4/14 + (-192)/f?
2, 7
Let o be (16/20)/(1/30). Suppose -14 - o = -2*u. List the prime factors of u.
19
Suppose 0 = -3*m - 7 + 22. Suppose 35 + 40 = m*c. List the prime factors of c.
3, 5
Suppose -5*t + 69 = 2*a, -2*t - 2*t + 130 = 5*a. What are the prime factors of a?
2, 11
Let k be 1 + (-30 - 0/(-1)). Let v = -14 - k. List the prime factors of v.
3, 5
Let r(l) = l**3 + 12*l**2 + 14*l - 2. Let q be r(-10). Suppose -4*w + q = -2. List the prime factors of w.
3, 5
Let o(r) = 3*r**2 - 5*r + 21. List the prime factors of o(9).
3, 73
Suppose -1 = -2*x + 5. Suppose 4*d + 43 = 2*r + r, -x*d = -15. Let m = -9 + r. List the prime factors of m.
2, 3
Let v(p) = -2*p + 0*p + 4 + p + 6*p. List the prime factors of v(5).
29
Suppose 0 = 4*j + 10 + 10. Let g(t) = -t**2 - 3*t + 3. Let p be g(j). Let d = 5 - p. List the prime factors of d.
2, 3
Let f be 2/((-6)/(-9)) - -37. Suppose 4*t - 5*l - 40 = 0, 4*t - f = -0*t + 3*l. List the prime factors of t.
2, 5
Let a be (7/7)/(-1 + 0). What are the prime factors of (16 - 5)*(-1)/a?
11
Suppose -28 = -z + 24. What are the prime factors of z?
2, 13
Let s(c) be the third derivative of -c**5/60 + 5*c**4/12 - 5*c**3/3 - c**2. Let j be s(8). What are the prime factors of j/5*(3 + 2)?
2, 3
List the prime factors of 6/(-9) + 1/((-12)/(-1904)).
2, 79
Let u = 261 - 150. What are the prime factors of u?
3, 37
Let c be (-3)/((-2 + 1)/14). Suppose 17 + c = a + 2*r, -2*a + r + 98 = 0. Suppose -4*g - 2*b = -44, -3*g + 5*b - 5 = -a. What are the prime factors of g?
2, 3
Let b = 8 + -4. Let l(y) be the first derivative of y**2 - 2*y - 2. What are the prime factors of l(b)?
2, 3
Let g(t) = -t**3 - 8*t**2 - 7*t + 4. List the prime factors of g(-7).
2
Suppose 0*s - 3*s + 12 = 0. Suppose -v - s*c = 8, 13 = v - 2*c + 3. List the prime factors of v.
2
Let v(z) = 20*z. What are the prime factors of v(2)?
2, 5
Let l = -24 - -34. Suppose -c + 6*c = l. List the prime factors of c.
2
Suppose -4*b = -3*b - 2. Suppose p = -b*p + 102. What are the prime factors of p?
2, 17
Suppose 101 - 1121 = -3*i. List the prime factors of i.
2, 5, 17
Let c = 129 + -105. List the prime factors of c.
2, 3
Suppose 2 = -b - 0*b. What are the prime factors of 1/(b/(-3))*2?
3
Suppose 8*u = 464 - 104. What are the prime factors of u?
3, 5
Let c(v) = -10*v + 12. Let a(q) = -7*q + 8. Let p(g) = 7*a(g) - 5*c(g). Let u be p(2). What are the prime factors of (-202)/(-18) - u/(-9)?
11
Let c(u) = -u**2 - 10*u - 2. Let x be c(-4). Suppose 0 = 4*r + x - 150. What are the prime factors of r?
2
Suppose k = 2 - 6. Let c be 15/(-5) - k/2. List the prime factors of (0 - -1)/c + 12.
11
Let k(w) be the third derivative of w**5/60 - w**4/12 + w**3/2 - 2*w**2. Let p = -3 + 5. List the prime factors of k(p).
3
Suppose 6 - 2 = 2*s. Suppose 0 = -s*h - a + 31 - 3, -3*h + 3*a = -33. Suppose 4*y + h = 41. What are the prime factors of y?
7
Suppose -m - 3*m = -d + 14, -3*d - 2*m + 84 = 0. Suppose -5*p - d = g - 3*g, -2*g + 30 = -3*p. What are the prime factors of g?
2, 3
Let s(i) = 17*i**2. Let o be s(-2). Let v = -26 + o. Suppose -30 = -4*l + v. List the prime factors of l.
2, 3
Let w = 28 + -2. List the prime factors of w.
2, 13
Suppose -5*r + 1 = -14. Suppose -4*l = -4*p + 132, p + r*l = 2*l + 25. List the prime factors of p.
29
Let l(c) = 2*c**3 - c**2 + 1. Let o be 8 - 5 - (1 - -1). Let u be l(o). Suppose -5*f + 24 = -u*f. What are the prime factors of f?
2
Let o be -1*(-1 - (0 + -1)). Suppose -v + o = -1. List the prime factors of ((-8)/(-1))/(v + 0).
2
Suppose 33 = f - 148. List the prime factors of f.
181
Let l(i) = i**2 + 7*i + 3. Let g be l(-7). Suppose -g = -3*c + 2*c. Suppose -3*b - 15 = -3*m, b = -c*b + 20. List the prime factors of m.
2, 5
Suppose 165 = -3*k - 2*a + 733, 5*a = -20. What are the prime factors of k?
2, 3
Suppose -2*b + 11 = -7. List the prime factors of b.
3
Suppose 0 = 2*s - s - 17. Suppose s - 5 = 4*n. What are the prime factors of n?
3
Let a(u) = u + 6. Let l = -1 - -1. List the prime factors of a(l).
2, 3
Suppose -g = -3*j + 230 + 36, -3*j + 262 = g. What are the prime factors of j/6 - (-8)/(-12)?
2, 7
Suppose 24*r - 21*r = 690. List the prime factors of r.
2, 5, 23
Let s(x) = 35*x. Let n be s(7). Suppose 5*t - n = -5*y, 3*t - y - 137 = -6. List the prime factors of t/(-6)*(-3 - -1).
3, 5
Let c(g) be the first derivative of g**2 + 10*g - 4. List the prime factors of c(12).
2, 17
Let y(k) = 3*k**2 - k + 1. Let t be 6/((-9)/(-3))*-2. Let f(h) = -8*h**2 + 4*h - 2. Let j(m) = t*f(m) - 11*y(m). What are the prime factors of j(-3)?
3
Let s be (-2)/6 - 2/3. What are the prime factors of 23 - (s + (4 - 7))?
3
Suppose 0 = -4*m + k + 86, 112 = 5*m - 4*k + 5*k. What are the prime factors of m?
2, 11
Let y be 0 + (-3 + 0)/(-3). Let n(o) = -y - 2*o + 1 - 7*o + 1. List the prime factors of n(-1).
2, 5
Suppose 5*z = -2*s + 494, 2*z + 5*s - 500 = -3*z. What are the prime factors of z?
2, 7
What are the prime factors of (-7 - (-1036)/(-8))/(3/(-4))?
2, 7, 13
Let b(h) be the first derivative of h - 3 + 1/2*h**2. What are the prime factors of b(6)?
7
Let s be 18/(-24) - 6/(-8). Suppose s = 4*k + k - 90. List the prime factors of k.
2, 3
Let x(a) = -a**3 - 6*a - 1 - 3 + 1 + 7*a**2. Suppose 2*f = -2*f + 20. What are the prime factors of x(f)?
17
Let j = 0 + 4. List the prime factors of j.
2
Let j = 213 - 21. List the prime factors of j.
2, 3
Let c(n) = -n**2 - 8*n - 10. List the prime factors of c(-6).
2
Let a(z) be the third derivative of z**5/120 + 13*z**4/24 - 2*z**3/3 - z**2. Let k(d) be the first derivative of a(d). List the prime factors of k(-9).
2
Let w(x) = x**3 - 3*x**2 + x - 3. Let s be (-20)/(-6) - (-5)/(-15). Let v be w(s). List the prime factors of 15*(v + (-6)/(-9)).
2, 5
Let n be (2/4)/((-3)/(-30)). Let b(r) = 3*r - 4. What are the prime factors of b(n)?
11
Suppose 0 = -4*g - 20, 6*q - 2*q = -4*g. Suppose -20 + q = -j. What are the prime factors of j?
3, 5
Let c = -2 + 4. List the prime factors of ((-15)/(-10))/(c/16).
2, 3
Let k(j) = j + 1. Let r be k(2). Let n(p) = 7 + p**3 + 1 + 0*p**r - 8*p**2 + p. What are the prime factors of n(8)?
2
Let p be (-2)/7 + (-177)/(-7). Suppose -6*u = -u - p. List the prime factors of u.
5
Let x(a) = 3*a - 8. Let d(k) = -k**3 + 13. Let t be d(0). What are the prime factors of x(t)?
31
Let q be (-98)/(-5) - (-9)/(-15). Suppose -l + 5 - q = 0. Let h = l - -25. List the prime factors of h.
11
Let w be 4/(-3 - (-38)/14). Let p be w*(3 - 4) + 0. Let n = -8 + p. What are the prime factors of n?
2, 3
Let y(s) = -s**3 + s - 1. Let c be y(-2). Suppose v - 3 = -3*a, -c*a + 3 = -5*v - 22. Suppose a*z + 15 = 5*z. List the prime factors of z.
5
Let d be 10/7 + (-4)/(-7). Suppose -d*p + 6 = -8. What are the prime factors of p?
7
Let d = -4 + 6. Let w be (4/2*1)/d. List the prime factors of 1*2/w - -10.
2, 3
Let p = -178 - -502. What are the prime factors of p?
2, 3
Let m(g) = g**3 + 7*g**2 - 3*g - 2. Let d be (-13)/(-13)*7*-1. List the prime factors of m(d).
19
Let b(u) = 5*u + 6. Let n be b(9). Suppose 0 = -m + 4*m + n. Let i = m + 27. What are the prime factors of i?
2, 5
Suppose -5*k - 3 = 3*n, -4*k = n + 3 - 2. Let b = n + 6. Suppose 3*q + 5*c = -4 + 32, -2*q = b*c - 22. List the prime factors of q.
2, 3
Let r = 68 + -30. What are the prime factors of r?
2, 19
Let c = -6 - -10. What are the prime factors of c?
2
Let c(o) = -10 + 9 - 1 - 6*o. Suppose 1 = -2*x - 5. What are the prime factors of c(x)?
2
Let n = 9 - 4. Suppose -z - n = -2*z. What are the prime factors of z?
5
Let h(f) be the third derivative of -f**4/24 - 11*f**3/6 + 3*f**2. Let w be h(-7). Let s = 24 + w. List the prime factors of s.
2, 5
Suppose -2*n - 1 = 3. Let w(a) = 2*a + 3. Let z be w(-2). What are the prime factors of (1/z - -13) + n?
2, 5
Suppose 2*n + i = 4 + 2, 5*n - 18 = -4*i. Let r(u) = 2*u**3 + 3*u**2 - 3*u. What are the prime factors of r(n)?
2, 11
Let d = 448 - 260. List the prime factors of d.
2, 47
Let g(j) = 3*j**3 - 8*j**2 + 10*j - 14. What are the prime factors of g(5)?
211
Let f(a) 